{"id":16,"date":"2026-02-19T23:22:19","date_gmt":"2026-02-19T23:22:19","guid":{"rendered":"https:\/\/antalyafiberglass.com.tr\/?page_id=16"},"modified":"2026-02-21T01:37:12","modified_gmt":"2026-02-21T01:37:12","slug":"fiberglass-havuz-antalya-hazir-havuz","status":"publish","type":"page","link":"https:\/\/antalyafiberglass.com.tr\/index.php\/fiberglass-havuz-antalya-hazir-havuz\/","title":{"rendered":"Havuz"},"content":{"rendered":"\n<hr class=\"wp-block-separator has-alpha-channel-opacity\"\/>\n\n\n\n<h2 class=\"wp-block-heading\"><strong>Fiberglass Havuz Antalya: H\u0131zl\u0131, Dayan\u0131kl\u0131 ve Estetik \u00c7\u00f6z\u00fcmler<\/strong><\/h2>\n\n\n\n<p><strong>Fiberglass havuz Antalya<\/strong> ve \u00e7evresindeki villa sahipleri i\u00e7in en ideal \u00e7\u00f6z\u00fcmd\u00fcr. <strong><a href=\"https:\/\/expressfiberglass.com\/hakkinda\/\" type=\"link\" id=\"https:\/\/expressfiberglass.com\/hakkinda\/\">Express Fiberglass<\/a><\/strong> olarak, geleneksel havuzlardaki s\u0131zd\u0131rma problemlerini tamamen ortadan kald\u0131r\u0131yoruz. \u00dcretti\u011fimiz kompozit havuzlar y\u00fcksek kaliteli ve \u00e7ok dayan\u0131kl\u0131d\u0131r. <strong>\u00d6zellikle<\/strong> belirtmeliyiz ki; tek par\u00e7a g\u00f6vde yap\u0131s\u0131 kurulum s\u00fcresini \u00e7ok azalt\u0131r. <strong>Bu nedenle<\/strong>, havuz sahibi olmak isteyenlere en h\u0131zl\u0131 alternatifi sunuyoruz.<\/p>\n\n\n\n<h3 class=\"wp-block-heading\"><strong>Neden Fiberglass Havuz Tercih Etmelisiniz?<\/strong><\/h3>\n\n\n\n<p>Betonarme havuzlar zamanla esner ve su s\u0131zd\u0131rmaya ba\u015flar. <strong>Ancak<\/strong> fiberglass malzeme zemin hareketlerine kar\u015f\u0131 \u00fcst\u00fcn diren\u00e7 g\u00f6sterir. <strong>Buna ek olarak<\/strong>, havuzlar\u0131m\u0131z\u0131n sundu\u011fu di\u011fer avantajlar \u015funlard\u0131r:<\/p>\n\n\n\n<ul class=\"wp-block-list\">\n<li><strong>P\u00fcr\u00fczs\u00fcz Y\u00fczey:<\/strong> G\u00f6zeneksiz yap\u0131s\u0131 sayesinde yosun olu\u015fumunu engelleriz. <strong>B\u00f6ylece<\/strong> kimyasal kullan\u0131m\u0131n\u0131 ciddi oranda azalt\u0131yoruz.<\/li>\n\n\n\n<li><strong>Is\u0131 \u0130zolasyonu:<\/strong> Kompozit malzeme suyu daha uzun s\u00fcre s\u0131cak tutar. <strong>Bu sayede<\/strong> enerji tasarrufu yapman\u0131za olanak sa\u011fl\u0131yoruz.<\/li>\n\n\n\n<li><strong>H\u0131zl\u0131 Montaj:<\/strong> Havuzlar\u0131 fabrikada haz\u0131r \u00fcretiyoruz. <strong>Ard\u0131ndan<\/strong> yerinde sadece birka\u00e7 g\u00fcn i\u00e7inde montaj\u0131 tamaml\u0131yoruz. <strong>\u00c7\u00fcnk\u00fc<\/strong> biz zaman\u0131n sizin i\u00e7in de\u011ferli oldu\u011funu biliyoruz.<\/li>\n\n\n\n<li><strong>D\u00fc\u015f\u00fck Bak\u0131m Maliyeti:<\/strong> Fayans d\u00fc\u015fmesi veya derz dolgusu derdiniz olmaz. <strong>Sonu\u00e7 olarak<\/strong> uzun y\u0131llar boyunca masrafs\u0131z kullan\u0131m sunuyoruz.<\/li>\n<\/ul>\n\n\n\n<h3 class=\"wp-block-heading\"><strong>Antalya Haz\u0131r Havuz \u0130malat ve Uygulama S\u00fcrecimiz<\/strong><\/h3>\n\n\n\n<p><strong><a href=\"https:\/\/antalyafiberglass.com.tr\/index.php\/fiberglass-nedir-kullanim-alanlari\/\" type=\"link\" id=\"https:\/\/antalyafiberglass.com.tr\/index.php\/fiberglass-nedir-kullanim-alanlari\/\">Fiberglass<\/a> havuz Antalya<\/strong> pazar\u0131nda \u00fcretimden montaja kadar her s\u00fcreci biz y\u00f6netiyoruz. <strong>\u00d6ncelikle<\/strong> bah\u00e7enizin \u00f6l\u00e7\u00fclerini alarak en uygun modeli se\u00e7iyoruz. <strong>Ard\u0131ndan<\/strong> y\u00fcksek mukavemetli cam elyaf\u0131 ile imalat\u0131 tamaml\u0131yoruz. <strong>Bunun sonucunda<\/strong>, p\u00fcr\u00fczs\u00fcz ve UV dayan\u0131ml\u0131 bir havuz g\u00f6vdesi elde ediyoruz.<\/p>\n\n\n\n<p><strong>Bununla birlikte<\/strong>, mevcut havuzlar\u0131n\u0131z\u0131n periyodik bak\u0131m i\u015flemlerini de yap\u0131yoruz. Y\u00fczey yenileme (gelcoat) hizmetimizle havuzunuzu yeniliyoruz. <strong>Zira<\/strong> havuzun parlak kalmas\u0131 i\u00e7in profesyonel dokunu\u015f \u015fartt\u0131r.<\/p>\n\n\n\n<h3 class=\"wp-block-heading\"><strong>Profesyonel Kurulum ve Teknik Destek<\/strong><\/h3>\n\n\n\n<p><strong>K\u0131sacas\u0131<\/strong>, Express Fiberglass olarak biz sorunsuz bir ya\u015fam alan\u0131 in\u015fa ediyoruz. <strong>Ayn\u0131 zamanda<\/strong> kurulum sonras\u0131 teknik deste\u011fimizle her zaman yan\u0131n\u0131zday\u0131z. <strong>E\u011fer<\/strong> siz de Antalya\u2019da modern bir havuz hayal ediyorsan\u0131z, bizimle hemen ileti\u015fime ge\u00e7in.<\/p>\n\n\n\n<blockquote class=\"wp-block-quote is-layout-flow wp-block-quote-is-layout-flow\">\n<p><strong>Hayalinizdeki Havuza Bir Ad\u0131m Kald\u0131!<\/strong> Fiyat teklifi almak i\u00e7in bizi hemen aray\u0131n. \ud83d\udcde <strong><a href=\"https:\/\/antalyafiberglass.com.tr\/index.php\/iletisim\/\" type=\"link\" id=\"https:\/\/antalyafiberglass.com.tr\/index.php\/iletisim\/\">\u0130leti\u015fim<\/a>:<\/strong> 0536 070 89 61<\/p>\n<\/blockquote>\n\n\n\n<figure class=\"wp-block-image size-full\"><img loading=\"lazy\" decoding=\"async\" width=\"512\" height=\"512\" src=\"https:\/\/antalyafiberglass.com.tr\/wp-content\/uploads\/2026\/02\/antalyadahavuzuretenfirmalar.png\" alt=\"Antalya Express Fiberglass fabrikas\u0131nda \u00fcretilen s\u0131zd\u0131rmaz haz\u0131r fiberglass havuz g\u00f6vdesi ve montaj a\u015famas\u0131.\" class=\"wp-image-172\" srcset=\"https:\/\/antalyafiberglass.com.tr\/wp-content\/uploads\/2026\/02\/antalyadahavuzuretenfirmalar.png 512w, https:\/\/antalyafiberglass.com.tr\/wp-content\/uploads\/2026\/02\/antalyadahavuzuretenfirmalar-300x300.png 300w, https:\/\/antalyafiberglass.com.tr\/wp-content\/uploads\/2026\/02\/antalyadahavuzuretenfirmalar-150x150.png 150w\" sizes=\"auto, (max-width: 512px) 100vw, 512px\" \/><\/figure>\n","protected":false},"excerpt":{"rendered":"<p>Fiberglass Havuz Antalya: H\u0131zl\u0131, Dayan\u0131kl\u0131 ve Estetik \u00c7\u00f6z\u00fcmler Fiberglass havuz Antalya ve \u00e7evresindeki villa sahipleri i\u00e7in en ideal \u00e7\u00f6z\u00fcmd\u00fcr. Express Fiberglass olarak, geleneksel havuzlardaki s\u0131zd\u0131rma problemlerini tamamen ortadan kald\u0131r\u0131yoruz. \u00dcretti\u011fimiz&hellip;<\/p>\n","protected":false},"author":1,"featured_media":169,"parent":0,"menu_order":0,"comment_status":"closed","ping_status":"closed","template":"","meta":{"footnotes":""},"class_list":["post-16","page","type-page","status-publish","has-post-thumbnail","hentry"],"yoast_head":"<!-- This site is optimized with the Yoast SEO plugin v27.2 - https:\/\/yoast.com\/product\/yoast-seo-wordpress\/ -->\n<title>Fiberglass Havuz Antalya | Haz\u0131r Havuz \u0130malat ve Montaj\u0131<\/title>\n<meta name=\"description\" content=\"Fiberglass havuz Antalya projeleriniz i\u00e7in profesyonel \u00e7\u00f6z\u00fcmler! Haz\u0131r havuz imalat\u0131, montaj\u0131 ve bak\u0131m\u0131 konusunda h\u0131zl\u0131 ve garantili hizmet\" \/>\n<meta name=\"robots\" content=\"index, follow, max-snippet:-1, max-image-preview:large, max-video-preview:-1\" \/>\n<link rel=\"canonical\" href=\"https:\/\/antalyafiberglass.com.tr\/index.php\/fiberglass-havuz-antalya-hazir-havuz\/\" \/>\n<meta property=\"og:locale\" content=\"tr_TR\" \/>\n<meta property=\"og:type\" content=\"article\" \/>\n<meta property=\"og:title\" content=\"Fiberglass Havuz Antalya | Haz\u0131r Havuz \u0130malat ve Montaj\u0131\" \/>\n<meta property=\"og:description\" content=\"Fiberglass havuz Antalya projeleriniz i\u00e7in profesyonel \u00e7\u00f6z\u00fcmler! Haz\u0131r havuz imalat\u0131, montaj\u0131 ve bak\u0131m\u0131 konusunda h\u0131zl\u0131 ve garantili hizmet\" \/>\n<meta property=\"og:url\" content=\"https:\/\/antalyafiberglass.com.tr\/index.php\/fiberglass-havuz-antalya-hazir-havuz\/\" \/>\n<meta property=\"og:site_name\" content=\"Antalya Fiberglass\" \/>\n<meta property=\"article:publisher\" content=\"https:\/\/www.facebook.com\/antalyafiberglass\" \/>\n<meta property=\"article:modified_time\" content=\"2026-02-21T01:37:12+00:00\" \/>\n<meta property=\"og:image\" content=\"https:\/\/antalyafiberglass.com.tr\/wp-content\/uploads\/2026\/02\/havuzhavuz.jpg\" \/>\n\t<meta property=\"og:image:width\" content=\"1024\" \/>\n\t<meta property=\"og:image:height\" content=\"1024\" \/>\n\t<meta property=\"og:image:type\" content=\"image\/jpeg\" \/>\n<meta name=\"twitter:card\" content=\"summary_large_image\" \/>\n<meta name=\"twitter:label1\" content=\"Tahmini okuma s\u00fcresi\" \/>\n\t<meta name=\"twitter:data1\" content=\"2 dakika\" \/>\n<script type=\"application\/ld+json\" class=\"yoast-schema-graph\">{\"@context\":\"https:\/\/schema.org\",\"@graph\":[{\"@type\":\"WebPage\",\"@id\":\"https:\/\/antalyafiberglass.com.tr\/index.php\/fiberglass-havuz-antalya-hazir-havuz\/\",\"url\":\"https:\/\/antalyafiberglass.com.tr\/index.php\/fiberglass-havuz-antalya-hazir-havuz\/\",\"name\":\"Fiberglass Havuz Antalya | Haz\u0131r Havuz \u0130malat ve Montaj\u0131\",\"isPartOf\":{\"@id\":\"https:\/\/antalyafiberglass.com.tr\/#website\"},\"primaryImageOfPage\":{\"@id\":\"https:\/\/antalyafiberglass.com.tr\/index.php\/fiberglass-havuz-antalya-hazir-havuz\/#primaryimage\"},\"image\":{\"@id\":\"https:\/\/antalyafiberglass.com.tr\/index.php\/fiberglass-havuz-antalya-hazir-havuz\/#primaryimage\"},\"thumbnailUrl\":\"https:\/\/antalyafiberglass.com.tr\/wp-content\/uploads\/2026\/02\/havuzhavuz.jpg\",\"datePublished\":\"2026-02-19T23:22:19+00:00\",\"dateModified\":\"2026-02-21T01:37:12+00:00\",\"description\":\"Fiberglass havuz Antalya projeleriniz i\u00e7in profesyonel \u00e7\u00f6z\u00fcmler! Haz\u0131r havuz imalat\u0131, montaj\u0131 ve bak\u0131m\u0131 konusunda h\u0131zl\u0131 ve garantili hizmet\",\"breadcrumb\":{\"@id\":\"https:\/\/antalyafiberglass.com.tr\/index.php\/fiberglass-havuz-antalya-hazir-havuz\/#breadcrumb\"},\"inLanguage\":\"tr\",\"potentialAction\":[{\"@type\":\"ReadAction\",\"target\":[\"https:\/\/antalyafiberglass.com.tr\/index.php\/fiberglass-havuz-antalya-hazir-havuz\/\"]}]},{\"@type\":\"ImageObject\",\"inLanguage\":\"tr\",\"@id\":\"https:\/\/antalyafiberglass.com.tr\/index.php\/fiberglass-havuz-antalya-hazir-havuz\/#primaryimage\",\"url\":\"https:\/\/antalyafiberglass.com.tr\/wp-content\/uploads\/2026\/02\/havuzhavuz.jpg\",\"contentUrl\":\"https:\/\/antalyafiberglass.com.tr\/wp-content\/uploads\/2026\/02\/havuzhavuz.jpg\",\"width\":1024,\"height\":1024,\"caption\":\"Fabrikadan do\u011frudan teslim: Antalya\u2019n\u0131n en dayan\u0131kl\u0131 ve h\u0131zl\u0131 kurulan fiberglass havuz modelleri.\"},{\"@type\":\"BreadcrumbList\",\"@id\":\"https:\/\/antalyafiberglass.com.tr\/index.php\/fiberglass-havuz-antalya-hazir-havuz\/#breadcrumb\",\"itemListElement\":[{\"@type\":\"ListItem\",\"position\":1,\"name\":\"Anasayfa\",\"item\":\"https:\/\/antalyafiberglass.com.tr\/\"},{\"@type\":\"ListItem\",\"position\":2,\"name\":\"Havuz\"}]},{\"@type\":\"WebSite\",\"@id\":\"https:\/\/antalyafiberglass.com.tr\/#website\",\"url\":\"https:\/\/antalyafiberglass.com.tr\/\",\"name\":\"Antalya Fiberglass\",\"description\":\"\",\"publisher\":{\"@id\":\"https:\/\/antalyafiberglass.com.tr\/#organization\"},\"potentialAction\":[{\"@type\":\"SearchAction\",\"target\":{\"@type\":\"EntryPoint\",\"urlTemplate\":\"https:\/\/antalyafiberglass.com.tr\/?s={search_term_string}\"},\"query-input\":{\"@type\":\"PropertyValueSpecification\",\"valueRequired\":true,\"valueName\":\"search_term_string\"}}],\"inLanguage\":\"tr\"},{\"@type\":\"Organization\",\"@id\":\"https:\/\/antalyafiberglass.com.tr\/#organization\",\"name\":\"Antalya Fiberglass\",\"url\":\"https:\/\/antalyafiberglass.com.tr\/\",\"logo\":{\"@type\":\"ImageObject\",\"inLanguage\":\"tr\",\"@id\":\"https:\/\/antalyafiberglass.com.tr\/#\/schema\/logo\/image\/\",\"url\":\"https:\/\/antalyafiberglass.com.tr\/wp-content\/uploads\/2026\/02\/express-fiberglass-hakkimizda.jp_-1.png\",\"contentUrl\":\"https:\/\/antalyafiberglass.com.tr\/wp-content\/uploads\/2026\/02\/express-fiberglass-hakkimizda.jp_-1.png\",\"width\":1024,\"height\":1024,\"caption\":\"Antalya Fiberglass\"},\"image\":{\"@id\":\"https:\/\/antalyafiberglass.com.tr\/#\/schema\/logo\/image\/\"},\"sameAs\":[\"https:\/\/www.facebook.com\/antalyafiberglass\"]}]}<\/script>\n<!-- \/ Yoast SEO plugin. -->","yoast_head_json":{"title":"Fiberglass Havuz Antalya | Haz\u0131r Havuz \u0130malat ve Montaj\u0131","description":"Fiberglass havuz Antalya projeleriniz i\u00e7in profesyonel \u00e7\u00f6z\u00fcmler! Haz\u0131r havuz imalat\u0131, montaj\u0131 ve bak\u0131m\u0131 konusunda h\u0131zl\u0131 ve garantili hizmet","robots":{"index":"index","follow":"follow","max-snippet":"max-snippet:-1","max-image-preview":"max-image-preview:large","max-video-preview":"max-video-preview:-1"},"canonical":"https:\/\/antalyafiberglass.com.tr\/index.php\/fiberglass-havuz-antalya-hazir-havuz\/","og_locale":"tr_TR","og_type":"article","og_title":"Fiberglass Havuz Antalya | Haz\u0131r Havuz \u0130malat ve Montaj\u0131","og_description":"Fiberglass havuz Antalya projeleriniz i\u00e7in profesyonel \u00e7\u00f6z\u00fcmler! Haz\u0131r havuz imalat\u0131, montaj\u0131 ve bak\u0131m\u0131 konusunda h\u0131zl\u0131 ve garantili hizmet","og_url":"https:\/\/antalyafiberglass.com.tr\/index.php\/fiberglass-havuz-antalya-hazir-havuz\/","og_site_name":"Antalya Fiberglass","article_publisher":"https:\/\/www.facebook.com\/antalyafiberglass","article_modified_time":"2026-02-21T01:37:12+00:00","og_image":[{"width":1024,"height":1024,"url":"https:\/\/antalyafiberglass.com.tr\/wp-content\/uploads\/2026\/02\/havuzhavuz.jpg","type":"image\/jpeg"}],"twitter_card":"summary_large_image","twitter_misc":{"Tahmini okuma s\u00fcresi":"2 dakika"},"schema":{"@context":"https:\/\/schema.org","@graph":[{"@type":"WebPage","@id":"https:\/\/antalyafiberglass.com.tr\/index.php\/fiberglass-havuz-antalya-hazir-havuz\/","url":"https:\/\/antalyafiberglass.com.tr\/index.php\/fiberglass-havuz-antalya-hazir-havuz\/","name":"Fiberglass Havuz Antalya | Haz\u0131r Havuz \u0130malat ve Montaj\u0131","isPartOf":{"@id":"https:\/\/antalyafiberglass.com.tr\/#website"},"primaryImageOfPage":{"@id":"https:\/\/antalyafiberglass.com.tr\/index.php\/fiberglass-havuz-antalya-hazir-havuz\/#primaryimage"},"image":{"@id":"https:\/\/antalyafiberglass.com.tr\/index.php\/fiberglass-havuz-antalya-hazir-havuz\/#primaryimage"},"thumbnailUrl":"https:\/\/antalyafiberglass.com.tr\/wp-content\/uploads\/2026\/02\/havuzhavuz.jpg","datePublished":"2026-02-19T23:22:19+00:00","dateModified":"2026-02-21T01:37:12+00:00","description":"Fiberglass havuz Antalya projeleriniz i\u00e7in profesyonel \u00e7\u00f6z\u00fcmler! Haz\u0131r havuz imalat\u0131, montaj\u0131 ve bak\u0131m\u0131 konusunda h\u0131zl\u0131 ve garantili hizmet","breadcrumb":{"@id":"https:\/\/antalyafiberglass.com.tr\/index.php\/fiberglass-havuz-antalya-hazir-havuz\/#breadcrumb"},"inLanguage":"tr","potentialAction":[{"@type":"ReadAction","target":["https:\/\/antalyafiberglass.com.tr\/index.php\/fiberglass-havuz-antalya-hazir-havuz\/"]}]},{"@type":"ImageObject","inLanguage":"tr","@id":"https:\/\/antalyafiberglass.com.tr\/index.php\/fiberglass-havuz-antalya-hazir-havuz\/#primaryimage","url":"https:\/\/antalyafiberglass.com.tr\/wp-content\/uploads\/2026\/02\/havuzhavuz.jpg","contentUrl":"https:\/\/antalyafiberglass.com.tr\/wp-content\/uploads\/2026\/02\/havuzhavuz.jpg","width":1024,"height":1024,"caption":"Fabrikadan do\u011frudan teslim: Antalya\u2019n\u0131n en dayan\u0131kl\u0131 ve h\u0131zl\u0131 kurulan fiberglass havuz modelleri."},{"@type":"BreadcrumbList","@id":"https:\/\/antalyafiberglass.com.tr\/index.php\/fiberglass-havuz-antalya-hazir-havuz\/#breadcrumb","itemListElement":[{"@type":"ListItem","position":1,"name":"Anasayfa","item":"https:\/\/antalyafiberglass.com.tr\/"},{"@type":"ListItem","position":2,"name":"Havuz"}]},{"@type":"WebSite","@id":"https:\/\/antalyafiberglass.com.tr\/#website","url":"https:\/\/antalyafiberglass.com.tr\/","name":"Antalya Fiberglass","description":"","publisher":{"@id":"https:\/\/antalyafiberglass.com.tr\/#organization"},"potentialAction":[{"@type":"SearchAction","target":{"@type":"EntryPoint","urlTemplate":"https:\/\/antalyafiberglass.com.tr\/?s={search_term_string}"},"query-input":{"@type":"PropertyValueSpecification","valueRequired":true,"valueName":"search_term_string"}}],"inLanguage":"tr"},{"@type":"Organization","@id":"https:\/\/antalyafiberglass.com.tr\/#organization","name":"Antalya Fiberglass","url":"https:\/\/antalyafiberglass.com.tr\/","logo":{"@type":"ImageObject","inLanguage":"tr","@id":"https:\/\/antalyafiberglass.com.tr\/#\/schema\/logo\/image\/","url":"https:\/\/antalyafiberglass.com.tr\/wp-content\/uploads\/2026\/02\/express-fiberglass-hakkimizda.jp_-1.png","contentUrl":"https:\/\/antalyafiberglass.com.tr\/wp-content\/uploads\/2026\/02\/express-fiberglass-hakkimizda.jp_-1.png","width":1024,"height":1024,"caption":"Antalya Fiberglass"},"image":{"@id":"https:\/\/antalyafiberglass.com.tr\/#\/schema\/logo\/image\/"},"sameAs":["https:\/\/www.facebook.com\/antalyafiberglass"]}]}},"_links":{"self":[{"href":"https:\/\/antalyafiberglass.com.tr\/index.php\/wp-json\/wp\/v2\/pages\/16","targetHints":{"allow":["GET"]}}],"collection":[{"href":"https:\/\/antalyafiberglass.com.tr\/index.php\/wp-json\/wp\/v2\/pages"}],"about":[{"href":"https:\/\/antalyafiberglass.com.tr\/index.php\/wp-json\/wp\/v2\/types\/page"}],"author":[{"embeddable":true,"href":"https:\/\/antalyafiberglass.com.tr\/index.php\/wp-json\/wp\/v2\/users\/1"}],"replies":[{"embeddable":true,"href":"https:\/\/antalyafiberglass.com.tr\/index.php\/wp-json\/wp\/v2\/comments?post=16"}],"version-history":[{"count":4,"href":"https:\/\/antalyafiberglass.com.tr\/index.php\/wp-json\/wp\/v2\/pages\/16\/revisions"}],"predecessor-version":[{"id":174,"href":"https:\/\/antalyafiberglass.com.tr\/index.php\/wp-json\/wp\/v2\/pages\/16\/revisions\/174"}],"wp:featuredmedia":[{"embeddable":true,"href":"https:\/\/antalyafiberglass.com.tr\/index.php\/wp-json\/wp\/v2\/media\/169"}],"wp:attachment":[{"href":"https:\/\/antalyafiberglass.com.tr\/index.php\/wp-json\/wp\/v2\/media?parent=16"}],"curies":[{"name":"wp","href":"https:\/\/api.w.org\/{rel}","templated":true}]}}